or of y and p.
14
Suppose l = 2*l - 2. Let a be -1 - -12 - (l - 2). Calculate the highest common factor of 77 and a.
11
Suppose -3*d = -11*d + 304. Calculate the greatest common factor of d and 57.
19
Let o be 135/3*4/(100/15). Calculate the highest common divisor of o and 6.
3
Let a be -4*(9/(-6) - -1). Suppose -a*b = -17 - 1. What is the greatest common factor of 99 and b?
9
Let r(o) = -o**2 + 11*o - 22. Let u be r(8). Calculate the greatest common divisor of 1 and u.
1
Let w = 42 + -35. Calculate the highest common factor of w and 7.
7
Suppose -64 = -p - 0*f + f, 0 = -5*p - f + 320. What is the highest common factor of p and 8?
8
Suppose 5 + 15 = 2*k. Let f be -3 + (-5)/(k/(-78)). Let w be (-2)/5 + 62/5. Calculate the greatest common divisor of w and f.
12
Let i = -215 - -311. Calculate the highest common divisor of 36 and i.
12
Suppose -77 = -q - 0*q. What is the greatest common divisor of 11 and q?
11
Let b be (2/1)/(4/28). Suppose -3*a + 8 = a, 0 = 2*l + 4*a - b. Calculate the greatest common factor of l and 12.
3
Suppose -68 + 20 = -2*l. Suppose 5*n - l = 4*n. Calculate the greatest common divisor of n and 6.
6
Suppose 5*i + 4*w = 45, 0 = i - 6*i - 2*w + 55. What is the greatest common factor of i and 52?
13
Let z = 19 + -20. Let v be z/(-4) - (-381)/12. What is the highest common factor of 8 and v?
8
Let i be (4 + -8 - -7) + 0. Calculate the greatest common factor of i and 6.
3
Suppose 9 = -2*y + 5*y. Suppose 0 = -y*i - 0*i - 3. Let k be -4*(-3 + i - -3). Calculate the greatest common factor of k and 36.
4
Let j be (-20)/15 - (-499)/3. What is the highest common divisor of j and 55?
55
Let r = 19 + -13. Suppose 5*u = 2*b + 125, -u + 22 = -0*u - b. Let m be u/(-12)*(-120)/5. Calculate the highest common divisor of r and m.
6
Suppose 2*a = 5*k + 32, -a + 0*a + 5*k + 21 = 0. Suppose h + 38 = 115. Calculate the highest common factor of a and h.
11
Let w = 61 + -45. What is the greatest common divisor of 48 and w?
16
Suppose 3*x + 3*j - 42 = 0, 0*x - 5*j + 28 = 2*x. What is the highest common factor of 21 and x?
7
Let t(n) = 9*n. Let q be t(4). Let b = -10 + 14. Let o = b + 0. Calculate the greatest common divisor of o and q.
4
Let r = -24 - -35. What is the highest common divisor of 33 and r?
11
Suppose 5*u - 5*h = 1680, -4*u + 2*h + 331 = -3*u. Let q = u + -158. Suppose 4*t - q = 105. Calculate the greatest common divisor of 8 and t.
8
Suppose 4*k + 36 = -28. Let q be 131/4 + (-4)/k. Suppose -x + q = 3*o, 0*x - 3*x - 21 = -3*o. Calculate the highest common divisor of o and 30.
10
Let r be 8/3 + (-7)/(-21). Let t(f) = f + 9. Let m be t(-8). Let n be (-24)/(2/(-2))*m. Calculate the highest common divisor of r and n.
3
Let p = -7 - -16. What is the greatest common divisor of p and 9?
9
Suppose 0 = 5*m - 2*t - 189 - 13, -2*t = -4*m + 162. Let h be ((-5)/(-2))/((-1)/(-2)). Calculate the greatest common factor of m and h.
5
Suppose 0 = 3*r + 37 - 400. Suppose 4*t - 121 = -7*t. Calculate the highest common divisor of r and t.
11
Let m be -15 + 6/(-2) + 0. Let f be ((-40)/15)/(4/m). What is the greatest common divisor of f and 60?
12
Let d be (-3 + 7 - 0) + -2. Suppose x + 2*x = 0. Suppose 4*v + v - 60 = x. What is the greatest common divisor of v and d?
2
Let w = 25 - 5. Suppose -2*c + w = -3*k, 4*c - k = 2*c + 12. Suppose -5*r - 3 + 20 = -2*d, -4*d - 3*r + 31 = 0. Calculate the highest common factor of c and d.
4
Let x(y) = -12*y + 3. Let p be x(4). Let v be (-1)/2 - p/6. Suppose v = -5*g + 6*g. Calculate the highest common factor of g and 70.
7
Let s be 1 + 8 + 2 + 2. Let i be (-38)/(-9) - (-8)/(-36). Suppose 0 = -i*h + 5*g - 0*g + 416, -4*g = 0. Calculate the highest common factor of h and s.
13
Suppose -s = -1, 31*s + 42 = 2*i + 35*s. What is the highest common divisor of i and 133?
19
Let w(o) = 43*o**3 - 2*o**2 + 1. Let a be w(1). Let j(s) = -s**3 + 5*s**2 + 3. Let k = 9 + -6. Let t be j(k). Calculate the greatest common factor of a and t.
21
Let q(k) be the second derivative of -k**5/20 - k**4/12 - 7*k**2/2 - 2*k. Let n be q(0). Let v = n - -43. Calculate the greatest common divisor of v and 24.
12
Let x be (2 - 4/6)*3. Let a be x/6*3 - 3. Let j(d) = 18*d**2 - 1. Let t be j(a). Calculate the highest common factor of 17 and t.
17
Let y = -63 + 148. Suppose 9 + 25 = n. What is the greatest common factor of y and n?
17
Suppose -5*v - 3*s = -418, 4*v - 2*s = -3*s + 333. Suppose 0 = -3*q + 25 + v. What is the highest common divisor of q and 4?
4
Let i = -35 - -84. What is the greatest common divisor of 7 and i?
7
Let i(o) = o**3 - 8*o**2 - 4*o + 6. Let d be i(8). Let j be d*(3/6 + -1). Let m = 58 - j. Calculate the greatest common factor of m and 5.
5
Let c(g) = -4 + 14*g - 1 + 7. Let w be c(2). Suppose -2*z + w = 3*z. Calculate the greatest common divisor of 6 and z.
6
Let i = 25 - 13. What is the greatest common divisor of 48 and i?
12
Suppose -5*u = -25, 18 = -2*j + 4*u + 6. Suppose -4*b = 3*t - 7*b - 45, -3*t + 44 = -j*b. Let w = t - -12. What is the highest common factor of w and 7?
7
Let t = -15 - -6. Let k = t - -49. Let d be (-10)/(2/(-2 - 0)). What is the greatest common factor of k and d?
10
Suppose 69 - 19 = 5*i. What is the highest common factor of 4 and i?
2
Let l(n) = n**3 + 10*n**2 + 8*n + 4. Let p be l(-9). Suppose 14*r - p*r = 4. What is the highest common factor of 28 and r?
4
Let u = -16 + 34. Suppose 4*q - 12 - 4 = 0. Suppose 60 = y - 5*j, 2*y + q*j + 18 = 96. What is the greatest common factor of u and y?
9
Let c(m) = -m**2 + 28. Let v be c(0). Suppose 36 = 2*r - 8. Suppose -r = -4*k + 6. Calculate the greatest common factor of k and v.
7
Let y be (-1)/3 - 110/(-6). What is the highest common divisor of 2 and y?
2
Suppose 3*g - 5*h - 43 = -3*h, -4*h = -5*g + 69. What is the highest common factor of g and 17?
17
Suppose -3*v - 3*g + 27 = 0, -18 = -4*g - 6. Let u = 156 - 108. Calculate the highest common factor of u and v.
6
Let n = -79 + 121. Let v(u) be the first derivative of -u**2 - 4*u + 1. Let i be v(-5). What is the highest common factor of i and n?
6
Let c(s) = 4*s**2 + 4*s. Let w be c(-2). What is the greatest common divisor of 1 and w?
1
Suppose -2*z - 2*l + 883 = z, 0 = -4*z - 2*l + 1180. Calculate the greatest common factor of z and 27.
27
Suppose -2*j - 177 = -5*j - 3*a, 0 = j - 5*a - 35. Calculate the highest common divisor of 22 and j.
11
Suppose -5*s + 4*k + 242 = k, 0 = 3*k + 12. What is the highest common divisor of s and 69?
23
Let r be 4/20 + 8/10. What is the greatest common factor of r and 1?
1
Suppose -3*j = -4*l - 0*j + 27, 0 = 5*l + j - 48. What is the highest common factor of 72 and l?
9
Suppose -16*b = -18*b + 328. Let n be (-814)/7 + 4/14. Let g = n + b. What is the greatest common divisor of g and 12?
12
Suppose 87*o = 83*o + 1216. Calculate the greatest common factor of o and 16.
16
Let r be (-4)/(-10) + 32/20. Suppose 0 = v - 5*l + 4, 3 = -l + r*l. Suppose 2*j + 29 = 183. Calculate the highest common divisor of j and v.
11
Suppose 4*u = 12, 5*a + 106 = -4*u + 503. Suppose 5*i + 40 = 4*q + q, 0 = 3*i - 9. Calculate the highest common divisor of q and a.
11
Suppose 1120 = 2*m + 5*h, 4*h = 2*m - 1348 + 264. Calculate the greatest common factor of m and 50.
50
Let s(m) be the second derivative of m**5/20 - m**4/3 - m**3/3 + 7*m**2/2 - 3*m. Let g be s(5). Let h = g + -15. What is the highest common divisor of h and 7?
7
Let d be 1 + 0 + 28/14. What is the greatest common factor of d and 15?
3
Suppose 0 = -5*l + 34 + 126. Calculate the greatest common divisor of l and 80.
16
Suppose 4*w - v - 16 = v, 14 = -3*w - 5*v. Calculate the greatest common divisor of w and 5.
1
Suppose -4*x = -48 + 268. Let c = x + 77. Calculate the highest common divisor of 55 and c.
11
Suppose 18*c = 24*c - 18. Calculate the greatest common factor of c and 9.
3
Let h = 4 + 0. Suppose -2*n - 3*n = -40. Suppose s = 3*s - n. Calculate the greatest common factor of h and s.
4
Let p = 112 + -97. What is the greatest common factor of 15 and p?
15
Suppose 2*d - 5*k = 23, -5*k = -3*d + 33 - 6. Suppose -18 + 66 = d*o. Calculate the highest common divisor of o and 84.
12
Let c = -33 - -97. Calculate the highest common divisor of 16 and c.
16
Suppose 0 = 3*l + 4 - 52. What is the greatest common divisor of l and 2?
2
Suppose -5*r 